hat is i(2)?
-36
Let l(q) = 31*q**3 - 6*q**2 + 4*q + 1. What is l(1)?
30
Let d(i) = -248*i + 5933. Calculate d(24).
-19
Let r(i) = 16407*i - 246098. Calculate r(15).
7
Let y(q) = q**2 + 30*q - 18. Give y(-15).
-243
Let c(r) = -2*r**2 - 48*r + 183. Give c(-26).
79
Let v(q) = -20*q**3 - q**2 + 31*q + 110. Determine v(-3).
548
Let g(w) = -w**2 + 62*w - 23. Give g(0).
-23
Let a(u) = 193*u - 774. Determine a(4).
-2
Let z(h) = h**3 + 20*h**2 + 40. Determine z(-20).
40
Let d(p) = 9*p**3 - 276*p**2 - 92*p - 23. Determine d(31).
8
Let q(v) = -598*v + 40. Determine q(1).
-558
Let h(b) = 2*b**2 + 5*b - 452. Give h(-28).
976
Let s(r) = 2*r**2 + 690*r - 5513. Calculate s(8).
135
Let d(p) = -196*p - 13523. Calculate d(-69).
1
Let q(m) = -8*m**2 - 292*m + 722. Calculate q(-39).
-58
Let o(g) = -g**3 - 2*g**2 - 2*g + 8. Give o(-5).
93
Let y(g) = -32*g + 97. Give y(2).
33
Let j(m) = -140*m + 1239. Give j(9).
-21
Let y(v) = -4*v**2 + 43*v - 149. Determine y(17).
-574
Let c(s) = 2*s**2 + 13*s + 16. Give c(-7).
23
Let p(w) = -217*w + 3734. Calculate p(16).
262
Let u(p) = -p**3 - 14*p**2 - 33*p + 112. Calculate u(-10).
42
Let x(k) = -k**2 - 8*k + 468. Give x(17).
43
Let n(h) = -34*h - 187. Calculate n(5).
-357
Let j(u) = -u**3 + 36*u**2 - 10*u - 487. Give j(36).
-847
Let y(s) = 2479*s - 9883. Give y(4).
33
Let d(m) = -m**3 - 17*m**2 - 43*m - 429. Determine d(-16).
3
Let g(u) = 2*u**2 - 85*u + 727. What is g(12)?
-5
Let w(h) = 2*h**3 + 9*h**2 - 2*h + 86. Calculate w(-6).
-10
Let q(x) = -629*x + 15149. Calculate q(24).
53
Let y(l) = 51*l - 739. What is y(18)?
179
Let c(a) = a**2 - 2026*a - 12174. Determine c(-6).
18
Let x(z) = -z**2 - 16*z + 778. What is x(-37)?
1
Let o(k) = k**3 - 60*k**2 + 335*k - 69. Determine o(6).
-3
Let o(q) = -2*q**2 + 138*q - 2361. What is o(36)?
15
Let z(n) = -n**3 + n**2 + n + 10. Determine z(3).
-5
Let o(k) = 54*k + 74. What is o(-1)?
20
Let o(h) = 7*h**2 - 32*h + 2. What is o(8)?
194
Let m(t) = -11*t**2 + 35*t + 68. Calculate m(-6).
-538
Let u(b) = b**2 - 18*b + 168. Calculate u(19).
187
Let w(b) = -9139*b - 73115. Determine w(-8).
-3
Let m(p) = -392*p + 43910. Determine m(112).
6
Let y(i) = i**3 + 16*i**2 - 178*i - 2847. Calculate y(-16).
1
Let a(n) = -n**3 + 13*n**2 - n - 38. What is a(5)?
157
Let t(y) = -y**3 - 5*y**2 - 12*y - 36. Give t(-4).
-4
Let a(w) = -76*w + 534. Determine a(7).
2
Let y(o) = -o**3 + 266*o**2 - 1106*o + 15190. Give y(262).
-6
Let i(y) = -3*y**3 + 4*y**2 - 3*y + 108. Determine i(6).
-414
Let f(m) = m**3 - 9*m**2 - 28*m + 116. Give f(3).
-22
Let f(p) = -2*p**3 - 13*p**2 + 102*p + 38. Determine f(-11).
5
Let b(p) = 2*p**3 + 27*p**2 - 46*p + 26. What is b(-15)?
41
Let j(m) = -35*m**3 - 223*m**2 - 31*m - 1. Determine j(-6).
-283
Let b(y) = -2*y**2 + 195*y - 315. Calculate b(99).
-612
Let s(a) = -2*a**2 + 31*a - 172. Give s(7).
-53
Let f(u) = -623*u - 3718. What is f(-6)?
20
Let i(m) = 26*m**2 + 3*m - 15. Give i(3).
228
Let s(i) = -i**3 + 44*i**2 + 54*i + 151. What is s(45)?
556
Let h(l) = -l**3 + 12*l**2 - 15*l + 9. Give h(10).
59
Let o(n) = -121*n - 1527. What is o(-13)?
46
Let w(q) = q**3 - 96*q**2 + 390*q - 2031. Determine w(92).
-7
Let r(k) = 1781*k**2 - 12469*k + 16. Give r(7).
2
Let b(p) = -p**3 - 15*p**2 - 25*p - 29. Calculate b(-5).
-154
Let p(k) = -k**2 - 32*k - 91. Determine p(-29).
-4
Let i(s) = -5*s**2 + 109*s - 22. What is i(20)?
158
Let f(b) = 5*b**3 + 173*b**2 - 71*b - 61. Determine f(-35).
-26
Let k(d) = -486*d - 108. What is k(1)?
-594
Let u(v) = -2706*v - 2722. Calculate u(-1).
-16
Let n(o) = 101*o - 289. Give n(3).
14
Let i(q) = 5*q**2 + 178*q + 1472. Give i(-22).
-24
Let g(j) = 138*j + 108. What is g(-5)?
-582
Let b(w) = 10*w - 837. What is b(84)?
3
Let g(x) = x**3 - 215*x**2 + 2045*x + 1024. Give g(205).
-1
Let o(a) = 8*a**2 + 482*a - 2549. Calculate o(5).
61
Let d(k) = k**2 - 6*k - 148. Calculate d(14).
-36
Let o(b) = -b**3 - 85*b**2 + 841*b + 46. Determine o(9).
1
Let y(x) = -118*x + 3865. Determine y(33).
-29
Let a(j) = -j**3 + 25*j**2 - 130*j + 2551. What is a(24)?
7
Let m(b) = -b**3 - 2*b**2 + 8*b - 41. Determine m(-6).
55
Let o(v) = 2*v**3 + 6*v**2 + 389*v + 1926. Give o(-5).
-119
Let k(i) = -735*i + 8829. Calculate k(12).
9
Let s(w) = -w**3 - 26*w**2 - 107*w. Calculate s(-5).
10
Let g(i) = -i**3 + 396*i**2 + 11424*i - 1267. Give g(423).
2
Let n(y) = 23*y**2 - 82*y + 82. Calculate n(1).
23
Let x(w) = w**3 - 6*w**2 + 39*w - 302. Calculate x(7).
20
Let b(i) = 48*i. What is b(1)?
48
Let a(f) = 3*f**3 - 71*f - 212. Determine a(-5).
-232
Let a(i) = 11*i - 14. Calculate a(1).
-3
Let y(k) = -17*k - 57. What is y(3)?
-108
Let k(a) = 6*a**3 - 6*a**2 - a - 2. Give k(-2).
-72
Let q(a) = a**3 - 5*a**2 - 62*a + 352. Give q(5).
42
Let w(c) = -129*c + 158. What is w(1)?
29
Let v(r) = r**3 - 31*r**2 + 241*r + 29. Give v(15).
44
Let y(z) = 6*z**3 - 2*z**2 - 6*z + 2. Give y(3).
128
Let u(q) = 3*q**2 + 55*q - 171. Give u(-26).
427
Let c(y) = -2*y**3 + 183*y**2 - 276*y + 630. Give c(90).
90
Let o(b) = -b**3 - 5*b**2 + 87*b - 4. Calculate o(-12).
-40
Let n(m) = 5234*m + 15711. Give n(-3).
9
Let g(k) = -69*k - 3574. Calculate g(-39).
-883
Let u(n) = -111*n - 475. What is u(-4)?
-31
Let k(b) = 12*b**2 + 79*b - 396. What is k(4)?
112
Let m(x) = x**3 + 7*x**2 - 644*x - 3913. What is m(-6)?
-13
Let s(j) = j**3 - 70*j**2 + 500*j - 256. Give s(62).
-8
Let t(z) = 20*z - 583. Determine t(40).
217
Let r(a) = 2*a**3 - 52*a**2 + 48*a + 46. Determine r(25).
-4
Let i(w) = -w**3 - 15*w**2 - 23*w + 3. Give i(-3).
-36
Let k(c) = 30*c + 539. Give k(-19).
-31
Let d(c) = -23*c - 1125. What is d(-42)?
-159
Let s(u) = u**3 + 117*u**2 - 485*u - 122. Calculate s(-121).
-1
Let w(x) = x**2 + 25*x + 4. Determine w(0).
4
Let b(k) = k**3 - 34*k**2 - 48*k + 186. Determine b(35).
-269
Let d(r) = -2*r**3 + 33*r**2 - 71*r + 29. What is d(14)?
15
Let y(p) = 76*p + 431. Give y(-7).
-101
Let b(u) = -u**3 - 8*u**2 - 6*u + 8. What is b(-6)?
-28
Let l(p) = 32*p + 257. What is l(-25)?
-543
Let j(p) = -378*p - 387. Determine j(-1).
-9
Let f(y) = 167*y + 16528. Determine f(-99).
-5
Let s(w) = -35*w - 986. Determine s(-29).
29
Let c(j) = -129*j - 1109. Determine c(-9).
52
Let w(t) = -64*t - 775. What is w(-12)?
-7
Let d(m) = 6*m**3 + m**2 + 2*m + 17. Calculate d(-5).
-718
Let i(h) = -171*h - 365. Calculate i(-2).
-23
Let y(w) = 5*w**2 + 66*w - 319. Give y(-17).
4
Let x(f) = 41*f**2 + 359*f - 97. Give x(-9).
-7
Let a(u) = 27*u - 73. Give a(-11).
-370
Let l(j) = 120*j - 1098. What is l(9)?
-18
Let i(d) = 9*d**2 - 124*d + 5. Give i(0).
5
Let y(g) = -11*g**2 - 359*g - 1906. What is y(-26)?
-8
Let z(p) = 4*p**2 + 59*p + 73. Calculate z(-14).
31
Let k(h) = 2*h**2 - 47*h + 12. Calculate k(19).
-159
Let w(u) = -69*u - 77. Calculate w(-4).
199
Let v(i) = 236*i + 8529. Determine v(-36).
33
Let a(s) = s**3 - 62*s**2 + 51*s + 610. Determine a(61).
0
Let m(c) = c**3 - 18*c**2 - 172*c + 37. Calculate m(25).
112
Let a(n) = -46*n - 9756. Determine a(-212).
-4
Let z(m) = 2*m + 118. Determine z(-29).
60
Let h(q) = -q**3 + 47*q**2 - 550*q - 54. What is h(24)?
-6
Let x(f) = -f**2 - 79*f - 541. What is x(-8)?
27
Let u(l) = 3*l**3 + 101*l**2 - 29*l + 191. Give u(-34).
21
Let a(t) = t**3 + 7*t**2 - 9*t - 6. Give a(-3).
57
Let l(z) = -30*z - 1234. Give l(-41).
-4
Let o(f) = -9*f**3 - 73*f**2 + 194*f + 1625. Give o(-8).
9
Let j(n) = -96*n - 6. Give j(-1).
90
Let h(r) = 229*r - 229. Calculate h(1).
0
Let n(v) = 2*v**3 + 8*v**2 + 19*v + 98. Determine n(-9).
-883
Let h(j) = -13*j + 525. Determine h(42).
-21
Let h(q) = -q**3 + 17*q**2 - 46*q + 19. Give h(15).
-221
Let z(d) = -4*d**2 + 149*d - 825. What is z(6)?
-75
Let k(u) = -30*u**3 - 3*u**2 + 2*u + 1. Calculate k(-1).
26
Let x(d) = -89*d - 442. Give x(-5).
3
Let l(q) = 23*q - 740. Give l(34).
42
Let s(q) = -q**3 - 38*q**2 - 100*q + 199. Calculate s(-35).
24
Let l(i) = 18*i**2 + 55*i + 206. What is l(-4)?
274
Let a(r) = -r**2 + 10*r - 7. Calculate a(0).
-7
Let u(q) = -q**2 - 1567*q + 11012. Determine u(7).
-6
Let q(n) = 2*n**3 + 9*n**2 + 2*n - 2. Give q(-6).
-122
Let h(i) = i**3 - 19*i**2 + 16*i - 13. Give h(18).
-49
Let m(s) = -6*s**3 - 1256*s**2 + 843*s + 634. Determine m(-210).
4
Let n(x) = 2440*x**2 + 2448*x + 2. Determine n(-1).
-6
Let a(b) = 22*b + 137. Determine a(-8).
-39
Let d(a) = 25*a + 127. Determine d(-7).
-48
Let